21) a composite number?
True
Suppose 5*i - 588 - 485 = 4*b, -4*i + 271 = -b. Suppose 0 = 5*v + 25, -2*h + 22 = -4*v - 0. Is -4*h/(-3)*b/(-2) prime?
False
Let l(i) = 93*i**3 + 3*i**2 - 7*i + 9. Let s be 1/(4/((-16)/(-1))). Is l(s) composite?
False
Let l be (-5 - (-714)/45) + 8/60. Suppose -n + 30 = 3*t, 16*n - 111 = l*n - 2*t. Is n a composite number?
True
Is (3 + (-95688)/(-16))*2*(4 + -3) a composite number?
True
Let v(f) = -149673*f - 2264. Is v(-9) composite?
False
Let p = 14702 - 8089. Is p a prime number?
False
Suppose -36 = 22*b - 28*b. Suppose -3*n - 10*p + 30739 = -6*p, -b = 3*p. Is n composite?
True
Suppose -8*v = 5*g - 3*v - 27230, -4*v = 0. Suppose -4*p + 20*o + g = 19*o, 0 = -3*p - 4*o + 4075. Is p prime?
True
Let x = 4637 + -3340. Is x a prime number?
True
Suppose 3*q + 5*m = 7615, 3*q - 2533 = 2*q - 3*m. Let u = q - -11004. Is u composite?
True
Suppose 27*x = 219326 + 7015. Is x prime?
False
Let d(m) = 9*m**2 - 2*m + 14. Let u(f) = -20 - 2*f + 6*f - 3*f. Let x be u(13). Is d(x) composite?
True
Suppose 901813 = p + 2*k, 3*p - 5*k + 164850 - 2870245 = 0. Is p prime?
False
Let r = -194 + 200. Suppose 5*w + 17566 = r*k - 3*k, 0 = -k + 2*w + 5855. Is k a prime number?
True
Let p be 411/10 - 23/230. Suppose 44*a - 24 = p*a. Let d = a + 254. Is d composite?
True
Let c(t) be the third derivative of 355*t**4/8 - t**3/2 + 4*t**2. Let b be c(1). Suppose 0 = -4*z + 1990 + b. Is z composite?
True
Is 10/(-35)*(-7)/9 + 530431/9 a composite number?
False
Let w = 69 + -69. Suppose -5*f + 3*k + 32 = w, -3*f + 4*k + 24 = f. Suppose 5*n = f*n - 3722. Is n a prime number?
True
Let s = 1858719 - 352766. Is s prime?
True
Suppose 3*l + 71 = 152. Let w(o) = -o**3 + 28*o**2 - 14*o - 15. Let r be w(l). Is r + -1 - -1 - 3/3 prime?
False
Let o = -435 - -1497. Let t = 3115 + o. Is t prime?
True
Suppose -5*a + 5*s + 231935 = 0, 5*a + 42*s - 40*s - 231921 = 0. Is a a composite number?
True
Let y = -393 + 427. Suppose -30*u - 64420 = -y*u. Is u composite?
True
Suppose -11 + 15 = -4*z. Let m be (z + 1)/(-11 - -15). Suppose m = -6*o + 1061 + 2893. Is o composite?
False
Is (-20)/(-75)*882303 - 6/(-30) prime?
False
Let g be (79/(-316))/((-2)/14512). Is (4 - 5*4/5) + g prime?
False
Let m(p) = -2152*p**3 - 10*p**2 - 16*p + 65. Is m(-9) a prime number?
True
Let l(q) = 7963*q**2 - 54*q - 242. Is l(-5) composite?
False
Suppose -365*n - 2*a = -361*n - 385666, n = -3*a + 96404. Is n a prime number?
True
Let i(y) = 16526*y**2 - 45*y - 124. Is i(-5) a prime number?
True
Suppose 55*l - 24*l = -7*l + 908086. Is l prime?
False
Let y = -13 - -15. Let j(p) = 2 - 2 + 5 + y + 62*p. Is j(5) prime?
True
Let c(p) = -1393*p**3 + 2*p**2 - 2*p - 4. Let u be c(-1). Let i = 372 + u. Is i a prime number?
False
Let h = -163 + 252. Let c(o) = 186*o + 7 + 124*o - h*o. Is c(2) a composite number?
False
Let w = 2734 + -1164. Let t = -469 + w. Is t a composite number?
True
Let v be (-42)/(-63) - 7/(-3). Let j be v/2*10510/(-15). Let h = j + 2436. Is h composite?
True
Suppose -5*t - 73 = -2*i + 53, -2*t = -i + 61. Let z = 56 - i. Is z + (7/14)/(1/368) composite?
True
Suppose 9*v - 1925915 = 3*v - 61*v. Is v prime?
False
Let y be (1 + -1)/(8/(-8)). Suppose y = -4*d + 2*d + 176. Suppose 3*p = d + 17. Is p a prime number?
False
Let j = 200 - 224. Is 2311 + (-1 + 12/16)*j a composite number?
True
Let a(r) = -10009*r**3 - 9*r**2 - 10*r + 17. Is a(-6) composite?
False
Suppose 6*j = 4*j - 82. Let i = j + 43. Suppose -4*s + 4*b + 182 = 34, -3*s - i*b + 111 = 0. Is s composite?
False
Let p(l) = 4*l - 21. Let o be p(6). Suppose 0 = -q - o*u - 3 - 3, 0 = -u. Is ((-6)/3)/(q/(-2259)*-3) prime?
True
Let x(y) = -7*y + 98. Let l be x(10). Is (9182 - l) + -3*(-3)/9 prime?
False
Let a = 280 + -255. Let x(j) = 484*j + 151. Is x(a) prime?
True
Suppose i = 4*a - 1685874, 2*i + 244006 + 177459 = a. Is a composite?
False
Let p(t) = -t - 33. Let i be p(0). Let v = 40 + i. Suppose 9*j - v*j - 2122 = 0. Is j a prime number?
True
Let t(j) = 406*j - 87. Let l(d) = 811*d - 176. Let w(a) = 6*l(a) - 11*t(a). Is w(20) a prime number?
True
Let s(x) = 13792*x - 238. Is s(8) composite?
True
Suppose -2*w + 0*k = -2*k - 8, k = -1. Is 16349 - (w - 44/4) prime?
False
Let c = 2229 + -1583. Let w = c - -1009. Is w a composite number?
True
Let f(i) = -2*i**3 - 4*i**2 - 8*i - 7. Let n = 107 - 81. Let c = 21 - n. Is f(c) a prime number?
False
Is -16 + (27 - 12 - -101000) composite?
False
Suppose 18*s - 740 = -2*s. Suppose -6*o - s = -499. Is o prime?
False
Suppose 5*b - 11 - 19 = 0. Suppose -2*o = -b, -5*q + 3*o = 170 + 59. Let d = q + 303. Is d a composite number?
True
Let z = 55913 + -23814. Is z composite?
False
Suppose 6*o - 14 = -26. Is 83928/13 - (1 + o) a composite number?
True
Let t = 219619 - 77486. Is t prime?
False
Let w(l) = -l**3 + 15*l**2 - 12*l - 14. Let v be w(14). Let t(s) = 13 + 12*s + 15*s - s + v. Is t(12) composite?
True
Let v(u) = 3935*u**2 + 61*u + 91. Is v(-6) composite?
True
Let n = -12390 + 393. Let v = n + 24566. Is v prime?
True
Suppose -33178 - 164075 = -9*l. Suppose -4*o - 3*i + 24726 = -62952, o = -2*i + l. Is o prime?
False
Let i be 1 + 3 - (6 + 1). Let s(w) be the third derivative of w**5/5 + 3*w**4/8 + w**3 + 48*w**2. Is s(i) prime?
False
Suppose -4*y + 37*h = 39*h - 692328, 1211561 = 7*y - 3*h. Is y composite?
False
Let l(h) = 1383*h + 676. Is l(35) composite?
False
Suppose 0 = -3*f - 9 + 45. Suppose 11333 = f*s + 2849. Is s composite?
True
Let l = -60 + 57. Let n be 0 + 2 + l - (5 - 7). Is (-4)/(-2)*n/((-2)/(-23)) a composite number?
False
Let k(p) = -843*p + 23. Suppose 29*r - 18*r = -22. Is k(r) a prime number?
True
Suppose 25 = 25*q - 75. Let c(l) = 163*l**3 - 8*l**2 + 5*l - 25. Is c(q) a composite number?
True
Let r(w) = -2*w - 118. Let t be r(-59). Suppose -5*o - 1 = -21, 5*m - 2*o - 21317 = t. Is m prime?
False
Let g be 7 + -3606*(-24)/16. Suppose v = u + 5428, u + 4*u + g = v. Is v prime?
True
Suppose 69*q - 353140 = -66*q + 131*q. Is q a composite number?
True
Suppose 4*c = c + 33. Suppose -c + 3 = -4*j. Suppose -5*a + 1473 = -j*a. Is a composite?
False
Suppose -3*i = -12417 - 6357. Let m(f) = -f**3 - 10*f**2 - 13*f - 19. Let y be m(-9). Suppose y*u - i - 9977 = 0. Is u composite?
True
Let k(z) = z**3 - 7*z**2 + 1. Let h be k(7). Let n = -2804 - -1883. Is h*(2 + -4 - n) prime?
True
Let c(y) be the third derivative of -y**6/120 + y**5/60 + 5*y**4/24 + y**3/3 - 23*y**2. Let g be c(-3). Let q(n) = n**2 + 47*n + 11. Is q(g) composite?
False
Suppose -217*y + 305 - 1173 = 0. Let s(c) = -6*c**2 + 14*c + 38. Let z(i) = -7*i**2 + 14*i + 38. Let t(w) = 4*s(w) - 5*z(w). Is t(y) prime?
False
Suppose 54238 = 7*p - 5*p - 0*p. Is p a prime number?
False
Suppose 5*h = -2*p + 454727, -5*h = 5*p - 4*p - 454731. Is h prime?
True
Let p be (0 + 2)*69/6. Suppose 5*t = 5*n + p + 27, 4*t = -4*n - 40. Is (534/(-4) - (-2 + 3))*n a composite number?
True
Let s(x) = x**3 - 10*x**2 - 2*x + 3. Let o be s(10). Let d = -14 - o. Suppose -d*y + 4735 = 2*y. Is y prime?
True
Let j = 24448 - 15839. Suppose -j = -4*z - 829. Is z composite?
True
Let w = 109 + -94. Let q(p) = -p**3 + 24*p**2 - 6*p + 14. Is q(w) a prime number?
True
Suppose 0*w - 4*t - 5 = -5*w, -3*w + 5 = -2*t. Suppose 5*o - 4018 = -4*f, w*o + 3206 - 175 = 3*f. Is f composite?
True
Let d(w) be the first derivative of -6*w - 2293/2*w**2 - 12. Is d(-1) a prime number?
True
Suppose 2*z = 5*u + 19042, -4*u - 15 - 1 = 0. Is z a composite number?
False
Suppose 3*d - 2230082 = -5*g, 4*d - 16*g + 21*g - 2973451 = 0. Is d a composite number?
True
Let w(s) = 3*s - 11. Let d be (0 + (4 - 3))/(2/10). Let l be w(d). Let n(c) = 324*c - 5. Is n(l) a composite number?
False
Let a(y) = -y**2 + 5*y + 26. Let q be a(-3). Suppose 5*r + 7041 = 3*o, -3*o = -7*o + q*r + 9374. Is o a composite number?
True
Suppose 5*d - 3 = -38, -4*v + 5*d = -281543. Is v a composite number?
True
Let b(h) = -2157*h + 23. Let r be b(-6). Let z = r + -19489. Let t = z - -10233. Is t a composite number?
False
Let x(t) = -t**3 + 19*t**2 + 5*t - 19. Suppose -5*p - 5*k - 15 = -10*p, -4*k - 16 = 0. Let z be (-1 + p - -1) + 6 + 11. Is x(z) composite?
False
Let c(x) = -61*x**2 + 11 - x**3 - 56*x**2 - 59*x**2 + 163*x**2 + 26*x. Is c(-18) prime?
True
Suppose -214*d - 13503 = -216*d - b, 6774 = d + 5*b. Is d a compos